w**2 - 10*w. Give s(-7).
-17
Let t(o) = 196*o - 14870. Let m be t(76). Let n(i) = 2*i - 63. What is n(m)?
-11
Let s(w) = -40*w**2 - 672*w + 8. Let a(l) = 14*l**2 + 252*l - 3. Let b(h) = -8*a(h) - 3*s(h). Suppose 0 = -3*j + 4*m - 15, 2*j = m + 2*m - 11. Give b(j).
8
Let x(s) = 2*s - 9. Suppose -12*y + 2*v - 14 = -16*y, 4*v + 12 = 0. Suppose -7*a + 2*a = -y*g + 40, -4*g + 3*a = -33. What is x(g)?
9
Let s(h) = -69*h. Let a(n) = -419*n + 40. Let y(f) = a(f) - 6*s(f). What is y(8)?
0
Suppose -18 = -5*u + 5*w + 17, 33 = 4*u - 5*w. Let d(v) = 7 + 33*v - 38*v + 4 - v**u. Determine d(-8).
-13
Let r(h) = 2*h**2 + 15*h + 8. Suppose 0 = -5*l - o - 36, -33*l + 36*l - o = -12. Calculate r(l).
-10
Suppose -366*n = -97*n. Let j(u) = -u**2 + 2*u - 21. Determine j(n).
-21
Let l = 467 - 472. Let o(f) = f + 7. Let b be o(l). Let j(d) = -3*d + 3. Give j(b).
-3
Let r(a) = 2*a**2 + 6*a. Suppose -13*s - 58 = 5 - 11. Calculate r(s).
8
Let q(s) = 2*s - 9. Suppose 804 = 4*w + 316. Let l = w - 114. Determine q(l).
7
Suppose -12*u - 54 = 30. Let s(v) = 15*v + 17. Let o(b) = 7*b + 8. Let y(c) = 13*o(c) - 6*s(c). Calculate y(u).
-5
Let d(i) = 2*i**2 - 45*i - 51. Suppose 0 = 45*f - 44*f + 5*y - 4, -2*f = 5*y - 28. What is d(f)?
21
Let t(c) be the third derivative of 17*c**5/30 - c**4/6 + c**3/3 - 4*c**2 + 1059. What is t(1)?
32
Let s be (6/9*1)/((-4)/(-6)). Let y be (-4)/12*3/s*-1. Let q(z) = 8*z**3 - 3*z**2 + 1. Let f be q(y). Let b(h) = -h**3 + 6*h**2 + 2*h - 9. What is b(f)?
3
Suppose -4*u = 15*q - 26, -5*q + 7*q = -3*u + 1. Let t(r) = -7*r**2 + 5*r + 4. Give t(u).
-8
Let g = -35 + 34. Let u(l) = 6 - 9*l + 1 - 6 - 2. What is u(g)?
8
Let a be 2*(-1 + -2) + 44. Suppose -4*s + s + 96 = 0. Let g = s - a. Let t(r) = r**3 + 6*r**2 - 3. Determine t(g).
-3
Suppose 5*a + 3*w - 28 = 0, -a + 2*w = -3*w. Let r(c) = c**2 - c + 2. Let y(x) = -9*x + 14. Let z(p) = -r(p) - y(p). What is z(a)?
9
Let p(a) be the second derivative of -1/6*a**4 + 81*a + a**2 + 1/6*a**3 + 0. Give p(-4).
-34
Let z(i) be the first derivative of -i**3/3 + 5*i**2 + 10*i + 1. Let a be 27 - 9735/363 - 258/99*-3. Calculate z(a).
26
Let l(s) = 4*s + 1. Let o = -97 - -114. Suppose 184 = 15*m - o*m. Let v = m - -95. Determine l(v).
13
Let u(i) = 6*i. Let q(c) = c**3 - 4*c**2 + 3*c + 1. Let j be (12/9 - 1)*3. Let v be q(j). Give u(v).
6
Let r(h) = h**2 - 7*h + 9. Let c(t) = -5*t - 24. Suppose 0 = -4*w + 53 + 119. Suppose -25 = -3*l - w. Let i be c(l). Calculate r(i).
3
Let f be (-171)/21 - -2 - 264/(-1848). Let l(z) = 3*z + 15. What is l(f)?
-3
Let m(v) = -55*v + 1 - 52*v + 157*v - 52*v - 4. What is m(-2)?
1
Let u(s) = -2*s - 62. Let g = 4382 + -4393. What is u(g)?
-40
Let v be (0 - 5) + (0/(-3) - (-35 - -39)). Let s(w) = -4*w - 9. Calculate s(v).
27
Let h(y) = -2*y + 9. Let v(i) = -i**2 - i + 20. Let u(n) = 19*n - 91. Let z be u(5). Let p be v(z). Give h(p).
9
Let b = -2 + -8. Let t(v) be the third derivative of -v**5/60 - 11*v**4/24 - 3*v**3/2 - 4*v**2 + 13*v + 2. What is t(b)?
1
Let t be -5 - (1*-7298 - -7). Let y(x) = 7274*x - t*x - 2 + 6. Calculate y(3).
-32
Let m(h) = 4*h**2 - 60*h**3 + 10 + 0*h + 61*h**3 - 5 + 4*h. Let b = 13 - 13. Suppose b = -3*v - 3*a - 12, 0*v = 5*v - a + 20. Give m(v).
-11
Let v(y) = -5*y**3 - 7*y**2 - 1. Let q(p) = -p**3 - p**2 + 1. Let w(a) = 4*q(a) - v(a). Suppose -b - 70 = -67. Let h be ((1 + b)/((-1)/(-2)))/1. What is w(h)?
-11
Let b(d) = 11*d + 14. Let f(u) = -u**2 - 12*u + 32. Let p be f(-15). Let g(l) = -24*l - 28. Let c(z) = p*b(z) - 6*g(z). Determine c(10).
-4
Let i(r) be the third derivative of -57*r**2 + 1/24*r**4 + 1/6*r**3 + 0 + 0*r + 1/20*r**5. What is i(-1)?
3
Let i(l) be the second derivative of -l**5/20 + l**4/12 + 13*l**2 - 8123*l + 2. Determine i(0).
26
Let p(k) = 8*k + 2. Let n(j) be the third derivative of 3/8*j**4 - 4*j**2 + 1/3*j**3 + 0 + 0*j. Let z(x) = 5*n(x) - 6*p(x). Calculate z(-3).
7
Let o(s) = -2*s. Let l(u) = -3*u. Let c(m) = -5*l(m) + 7*o(m). Let b(y) = 2*y + 5. Let k(f) = -b(f) + 3*c(f). Give k(9).
4
Let y = 19 + -4. Suppose -7*o + 47*r - 51*r = -46, 0 = -3*o + 2*r + 42. Suppose o*g + y = 5*g. Let u(l) = l**3 + 5*l**2 + 2*l + 2. Determine u(g).
14
Suppose 5*p + 83 = 98. Let y(k) = 3*k**3 + 45*k**2 + 5*k - 11. Let z(m) = 2*m**3 + 28*m**2 + 3*m - 7. Let g(i) = 5*y(i) - 8*z(i). Determine g(p).
-14
Let a(z) be the second derivative of -z**3/2 + 13*z**2/2 - 4492*z. Determine a(5).
-2
Let d(p) = -15*p + 112. Let t be 4/(-20) - (3 + 224/(-20)). Give d(t).
-8
Let g(v) be the first derivative of v**4/4 + v**3 - 3*v + 1164. What is g(-2)?
1
Let u(i) be the third derivative of 19*i**5/60 + 77*i**4/24 + 5*i**3/6 - 7236*i**2. Calculate u(-4).
1
Let k(j) be the first derivative of j**4/4 + 14*j**3/3 + 7*j**2 + 15*j - 2183. What is k(-13)?
2
Let f(y) = y**3 - y**2 - 10*y - 17. Let r be f(-2). Let a(m) = -m**3 - 9*m**2 + 11*m + 11. Give a(r).
-88
Let d = 24 - 6. Let g be (1/(-3))/(6/d). Let n(a) be the first derivative of 4*a**3/3 + a**2 + a + 44. Determine n(g).
3
Let t(l) be the first derivative of l**3/3 - 19*l**2/2 + 16*l + 24. Let h be t(18). Let s(w) = 4*w**2 + 2*w - 1. Determine s(h).
11
Suppose -31*r - 23 = -68*r + 199. Let l(m) = -m**3 + 6*m**2 - 2*m + 25. Give l(r).
13
Let t(w) be the first derivative of 8*w**3/3 - w**2 - 16*w - 3308. Calculate t(3).
50
Let j(c) be the second derivative of c**3/6 + 4*c**2 - 225*c. Suppose 0 = 5*x + 4*x + 108. Determine j(x).
-4
Suppose 2*t - 23 = -4*s + 7, 24 = 5*s - 2*t. Suppose 0*f + 2*f - b = -15, -2*b - s = 2*f. Let g(u) = 498*u**3 - 497*u**3 + 7*u**2 + 3*u + 3*u. Calculate g(f).
0
Let u(i) = -i**3 + 31*i**2 + 54*i + 78. Let j(g) = g**3 - 32*g**2 - 51*g - 78. Let h(k) = 6*j(k) + 5*u(k). What is h(38)?
-2
Let q(d) = 5*d - 4. Let m be q(13). Let t = 60 - m. Let y(j) = -15*j**2 - 3*j - 4. Let a(g) = -29*g**2 - 5*g - 7. Let s(b) = 4*a(b) - 7*y(b). What is s(t)?
-12
Let m(s) = -65*s + 285. Let w(u) = -231*u + 1140. Let t(c) = 11*m(c) - 3*w(c). What is t(-13)?
1
Let r = -76 - -72. Let j(m) be the third derivative of 17*m**2 - 1/2*m**3 + 0*m + 1/120*m**6 + 1/20*m**5 + 0 - 1/8*m**4. Calculate j(r).
-7
Let n(u) = 2*u**2 + 20*u + 44. Let v be n(-6). Let o(f) = 3*f**3 - 5*f - 3. Let s(m) = -7*m**3 - m**2 + 11*m + 6. Let k(a) = 9*o(a) + 4*s(a). Give k(v).
1
Let z(o) = o - 15. Let a be (-1 + (-36)/20)/((-8)/20). Let q be 2 - a/((-7)/6). Suppose 0 = q*w - 4*w - 28. Calculate z(w).
-8
Let j be -4 - ((-1087)/(-3) + (-9)/27). Let x = j - -370. Let y(k) = -k**3 + 5*k**2 - 3*k + 6. Calculate y(x).
10
Let b(r) = r**3 + 56*r**2 + 164*r + 261. Let h be b(-53). Let k(x) be the first derivative of x**3/3 + 5*x**2/2 + 2*x + 10. Give k(h).
-2
Let l(s) be the first derivative of -s**4/4 - 5*s**3/3 + 3*s - 4. Suppose 0*m = -4*m + k - 12, 4*m - 4*k = 0. Determine l(m).
-13
Let g(f) = 6*f + 6. Let c(q) be the second derivative of q**5/20 - q**4/6 + q**3/6 - 2*q**2 - q + 27. Let z be c(0). Give g(z).
-18
Let u(q) = -41*q**2 + 33*q + 16. Let r(h) = -49*h**2 + 40*h + 15. Let i(z) = 5*r(z) - 6*u(z). Determine i(0).
-21
Suppose -3138*u + 3166*u = 112. Let b(o) = 5*o**2 + o - 21. Give b(u).
63
Let s = 92 + -84. Let p(g) be the third derivative of -2/3*g**3 + 0*g + 11*g**2 + 1/24*g**4 + 0. Give p(s).
4
Let p be 1 + 2 + (-15)/6*-50. Let c = p - 115. Let o(j) = -j**2 - j - c + 5 + 9. Give o(3).
-11
Let g(o) = -18*o**2 + 3*o + 2. Let i(h) = 14*h**2 - 2*h - 1. Let q(r) = -4*g(r) - 5*i(r). Calculate q(3).
9
Let a(f) be the first derivative of f**4/4 - f**3/3 - f**2 - f + 10. Let i be (1/(-3)*0)/2. Suppose -s = -i*s - 3. Calculate a(s).
11
Let f = 197 - 195. Let b(s) = -2*s**f + s - 3*s**2 - 3*s + s**3 + s. Calculate b(5).
-5
Suppose -14 = m - 3*m. Suppose -2*c + 12 = -m*c - 4*i, 2*c - 12 = 4*i. Let q(x) = -x**3 + x**2 - x + 5. Calculate q(c).
5
Suppose 3*a + 209 + 147 = 4*r, 2*r - a = 176. Suppose -2*y + 10 = 0, 61 = -b + 4*y - 40. Let w = r + b. Let i(q) = -q**3 + 7*q**2 - 7*q + 5. Give i(w).
20
Let r(c) = 2*c**2 - c + 2. Let d be (-88)/10 - 11/55. Let v = d - -11. Calculate r(v).
8
Let h = -25 + 38. Let g be (-4)/((-11 + h)*(-2)/14). Let w(z) = -g*z + 1 - 3*z + 16*z. Give w(-1).
2
Let p(y) = 11*y - 25. Let o(x) = 33*x - 77. Let g(t) = 6*o(t) - 17*p(t). What is g(3)?
-4
Let n(i) = -30*i**3 - 4*i**2 + 15 - 28 + 3*i**2 + 14 - 5*i. Let z(q) = -60*q**3 - 2*q**2 - 9*